r of 33 and h?
11
Let t = 156 - 6. Let y = 218 - t. Suppose 0 = c - 22 - y. What is the greatest common factor of c and 18?
18
Let p be ((-13)/(-2))/((-2)/(-4)). Let v be -2*(-1)/((-2)/(-45)). Let z = v + -19. What is the highest common factor of p and z?
13
Suppose 3 = 3*v - 141. What is the highest common divisor of v and 28?
4
Let z = 3 + 1. Suppose 4*f - 68 = 5*w - 18, 20 = -4*f. Let v = w - -58. What is the highest common factor of v and z?
4
Suppose 0 = 21*i + 820 - 7750. Calculate the greatest common factor of 198 and i.
66
Suppose -6*n = -10*n + 960. Calculate the greatest common divisor of n and 135.
15
Let x = -1232 - -2432. Calculate the highest common divisor of 5 and x.
5
Let a = -69 - 46. Let n be (a/(-10))/(2/20). Let y = 67 - 21. Calculate the greatest common divisor of y and n.
23
Let b be (-1 - (-26)/(-4))*-2. Let x(r) = 3 + 2*r - 2*r**2 + 6*r**2 + 7*r**2 + r**2. Let u be x(-3). What is the greatest common factor of b and u?
15
Let m = 81 + -56. Suppose 0 = -3*n - 4*a + m + 45, -74 = -3*n - 2*a. What is the greatest common divisor of n and 13?
13
Let b(g) = g**2 - 7*g - 5. Let q be b(8). Suppose 196 = q*u + 4*u. Suppose 5*j = l + 1123, 3*j - l + 893 = 7*j. What is the highest common divisor of j and u?
28
Let c be (3/((-6)/(-208)))/((-73)/(-292)). What is the greatest common factor of 13 and c?
13
Let v = -69 + 36. Let y be (-1276)/v*(-3)/(-2). Calculate the highest common divisor of y and 29.
29
Let u = -457 - -458. Calculate the greatest common factor of u and 16.
1
Let i be 14*(15/(-25) - 26/(-10)). Let z(v) = -2*v + 10. Let a be z(14). Let c = a + 32. Calculate the greatest common factor of i and c.
14
Let d(j) = -j**2 - 4*j - 8. Let c be d(-8). Let n = c - -28. Let u = n - -17. What is the highest common divisor of u and 5?
5
Let i = -11 + 27. Suppose 8*y - i = 4*y. Suppose y*j - 65 = -0*j + n, -25 = -2*j - n. What is the highest common factor of 45 and j?
15
Suppose -46 + 40 = -3*c, -5*y + 5*c + 2245 = 0. Calculate the highest common divisor of 82 and y.
41
Let n(a) = -a**3 - 33*a**2 - 16*a - 15. Let v be n(-33). What is the highest common divisor of 27 and v?
27
Suppose 0 = 4*h - 45 - 111. Suppose -p + 0*p = -h. Calculate the greatest common divisor of 52 and p.
13
Let c be 20/35*28/8. Suppose 7*y - c*y - 70 = 0. What is the highest common divisor of 56 and y?
14
Suppose n - 10*t = -15*t + 36, -2*n = -t - 28. Calculate the greatest common factor of 16 and n.
16
Suppose -4*t + 6*t = 224. What is the greatest common divisor of t and 14?
14
Let p = -20 + 23. Suppose -3*d - 5 = -5*c, -c + 4 = p*c. Suppose -t - 5*j + 2*j + 60 = 0, d = -3*t - 4*j + 205. What is the greatest common factor of 30 and t?
15
Let q = -79 - -157. What is the greatest common factor of q and 3?
3
Let s = 4 + 12. Suppose 2*k + 3*d = 7*k - 33, -2*d + s = 3*k. Calculate the highest common divisor of k and 54.
6
Suppose 4*h + 5*p - 96 = 0, h + p = -p + 24. Let a = -105 + 78. Let k = a - -39. Calculate the highest common factor of k and h.
12
Let x(d) = 9*d**3 - 8*d**2 - 10*d - 5. Let r be x(6). What is the highest common factor of 37 and r?
37
Suppose 5*r - m + 3*m - 38 = 0, -4*m = 5*r - 46. Let k be (r/(-10))/(6/(-30)). What is the highest common divisor of 3 and k?
3
Let m(f) = -3*f + 1. Let j be m(0). Let k(q) = 10*q**2 - 1 - q - j + 2 - 2. Let i be k(-2). What is the greatest common divisor of 60 and i?
20
Let n(m) = m**3 + 5*m**2 - 3*m + 3. Let z be n(-5). Suppose j = 2*j - 3*s - 39, 2*j - 5*s - 73 = 0. Calculate the greatest common factor of z and j.
6
Let c = -91 + 136. Let d be 4/(-18) - 0 - (-370)/c. Calculate the greatest common factor of d and 20.
4
Let o be -3 - (1 + 23/(-1)). Let j = 41 + o. Calculate the greatest common factor of 150 and j.
30
Let f(c) = -c**3 + 7*c**2 + 4*c - 12. Let p be f(8). Suppose -3*b = -3*j - 90, b + 95 + 5 = -4*j. Let y = j - p. What is the highest common factor of y and 144?
18
Suppose 0 = 4*z - 434 - 22. Suppose -z = o - 4*o. Let r be -2 + (-2 + -19)*-1. Calculate the greatest common divisor of o and r.
19
Let k(b) = 15*b**2 + 30 - 3*b**3 + 17*b + 3*b**3 + 0*b**3 + b**3. Let d be k(-13). Suppose 0 = -h - 4*h + 105. Calculate the highest common factor of d and h.
21
Let m = 68 + -8. Let b = 2541 - 2241. What is the greatest common divisor of m and b?
60
Let o be (-10)/4 + 51*(-15)/(-90). Let z = 7 - -59. What is the highest common factor of o and z?
6
Let m = -4 + 8. Suppose 26 = -m*l + 74. Let u be 45/(3*(-7)/(-28)). Calculate the highest common divisor of l and u.
12
Let i = -2375 - -2435. What is the greatest common divisor of i and 66?
6
Suppose -4*n + 10 = -c, -3*c + 5*n - 3 = 2*n. Calculate the greatest common factor of 54 and c.
2
Let b(d) = 4*d + 18. Let z be b(-6). Let v be (4*(-2)/z)/(16/648). Suppose 4*p + 3*y - 32 = -5, 4*y = 2*p - 30. What is the greatest common factor of p and v?
9
Let w be 2 + (-6)/39 + (-108)/(-26). Calculate the highest common factor of 27 and w.
3
Let q be -9 - 3/6*-6. Let r(k) = k**2 + 2*k + 6. Let z be r(q). Let x be z/((-3)/4*-2). Calculate the highest common divisor of 8 and x.
4
Suppose 2*f = -4, -2*f - 14 = -4*i + 18. Suppose -5*m - 3*s + 10 = -i*s, -s = -5*m + 10. Let z = -61 + 66. What is the highest common divisor of m and z?
1
Suppose 0 = 5*f - 666 + 191. Calculate the highest common factor of 57 and f.
19
Suppose -56 - 22 = 3*d. Let b = -22 - d. Suppose 5*o = -b*m + 23, 7*o = 4*m + 2*o + 7. What is the highest common factor of 10 and m?
2
Let n be (2/8)/(3 + 23/(-8)). Suppose -3*w = -4*f - f + 6, 4*w = -8. Let k be -2*(f + 1)*-1. What is the greatest common factor of k and n?
2
Let s = -22 + 24. Suppose -2 + 1 = -z, 0 = s*o + 2*z - 30. What is the greatest common factor of o and 98?
14
Suppose -2*z + h = z - 979, 0 = 3*z - 2*h - 980. Let w = z + -164. Calculate the highest common divisor of w and 18.
18
Let d = -220 - -232. Calculate the greatest common divisor of d and 12.
12
Let p be (33/(-9))/((1 + -2)/(-18)). Let k be p/9*-6 - (7 - 4). What is the greatest common divisor of k and 41?
41
Suppose -m - 132 = -4*v, -5*v - 5*m + 88 = -3*v. Let j be 2/11 + 116/88*v. Calculate the highest common divisor of 9 and j.
9
Let d be (-205 + 69)*(0 - (-1)/(-2)). Calculate the greatest common factor of 578 and d.
34
Let b(g) be the second derivative of -1/10*g**5 + 4*g + 1/4*g**4 + 0*g**2 + 0 + 1/2*g**3. Let r be b(-2). What is the highest common divisor of 154 and r?
22
Let a be 16/(-3)*(-297)/6. Calculate the highest common divisor of a and 48.
24
Let w be (-504)/(-27)*(-90)/(-12). Calculate the highest common factor of 112 and w.
28
Let w = 952 + -833. Calculate the greatest common factor of w and 68.
17
Let y = 509 + -217. What is the greatest common divisor of 73 and y?
73
Let u be (260/(-8))/(2/4). Let m be (-26)/u - 126/(-10). Suppose -3*g + m = 2*p, 5*p - 51 + 12 = -g. What is the highest common divisor of p and 1?
1
Let y = -6 - -1. Let m(v) = -12*v - 9. Let n be m(y). Suppose 3*l - q - 102 = 0, 0 = l - 2*q + 6 - 40. What is the highest common factor of n and l?
17
Let i = 41 + -39. Suppose -20 = -i*w - 2*w, 3*k - 751 = w. Calculate the highest common divisor of k and 36.
36
Suppose 0 = 3*g + 329 - 71. Let l = 101 + g. What is the highest common factor of 30 and l?
15
Let b be (-110)/2 - 4 - -1. Let d = b + 63. Calculate the greatest common divisor of d and 40.
5
Suppose 3*x = 7*x - 5*g + 56, 4*g = -3*x - 11. Let t be (-25)/(-15)*-3 + 7. Let l be 6*(t + x/6). What is the highest common factor of 3 and l?
3
Suppose 0 = 6*x - 25 - 35. Suppose 0 = -6*w + x + 26. Calculate the greatest common factor of 30 and w.
6
Let q = -130 - -175. Let p(y) = y + 5. Let h be p(4). Calculate the greatest common divisor of h and q.
9
Suppose 0 = 5*v - 3*y - 2*y - 35, 14 = -2*v - 5*y. Let m be 1848/63 - ((-2)/v - 0). What is the greatest common factor of 150 and m?
30
Let n = -269 + 293. Let m be ((-10)/(-6))/((-2)/(-72)). Calculate the highest common factor of n and m.
12
Suppose 4*d = -8, -34*d - 56 = -4*f - 38*d. What is the highest common factor of 52 and f?
4
Let j(f) = 4*f**3 + 2*f**2 - 1. Let b be j(1). Suppose b*t + 3 = 13. Let o(s) = s**2 + 5*s + 8. Let i be o(-7). What is the greatest common divisor of i and t?
2
Let s be (5/(-2))/((-45)/108). Suppose -k + 31 = 2*a - s*a, 0 = 5